650 = -t - 4*t + 5*z, -2*t - s*z + 666 = 0. Is t composite?
False
Suppose 11*y - 7*y - 14392 = 0. Is y - -4*15/(-20) composite?
True
Let g be -4 + 1 - 1384/(-2). Suppose 457 = f + 5*h, 597 = 3*f - 2*h - g. Suppose 0 = 3*i - 6, 2*t + 0*t + 5*i = f. Is t a prime number?
True
Let m = 22 - 21. Suppose -5*x = -5*i + 150, -i = -5*x + m - 27. Is i a prime number?
True
Let b be 9/(-2)*10930/15*-2. Is -3 + (-14)/(-5) - b/(-15) a prime number?
False
Suppose 5*z + 53*c - 16795 = 57*c, 3*z - c = 10077. Is z a composite number?
False
Let l(k) = k**3 - 8*k**2 - 5*k - 2. Let o be l(10). Let d = 333 - o. Let x = d - 118. Is x a composite number?
False
Suppose 3240 - 715 = 5*n. Let z be (-1442)/309*12/(-14). Suppose z*l = n + 763. Is l a prime number?
True
Suppose -4*y - 10 - 26 = -4*b, -2*y = 3*b - 17. Is b/((-2775)/695 + 4) composite?
True
Suppose 0*z - 2*z + 20 = 0. Let l = z + -14. Let j(x) = -3*x**3 - 2*x**2 + 1. Is j(l) composite?
True
Let i(o) = -o**2 - o - 1. Let b(w) = 10*w**3 + 3*w**2 - 2*w + 16. Let q(a) = -b(a) - 6*i(a). Is q(-7) a prime number?
True
Let o = 26 + -31. Is (-2 - 745/25)*o a composite number?
True
Suppose -20715 = -16*u + 9125. Is u prime?
False
Let b(r) = 131*r + 4. Let x be b(9). Suppose -5*s + x + 387 = 0. Let c = s + -187. Is c composite?
False
Suppose 2*a - m - 124 = -0*a, -5*m = -4*a + 242. Suppose -a = 3*k - 10*k. Is k prime?
False
Let p = -45 - -28. Let j = 234 + p. Is j prime?
False
Let r = 5031 - -2740. Is r composite?
True
Let q = -603 - -849. Let b = -82 + 213. Let z = q - b. Is z composite?
True
Suppose 0 = 3*h - 4 + 10, -4*j + h = -63886. Is j prime?
True
Suppose 0*u - 3801 = -3*f - u, 4*f - 5068 = -2*u. Suppose 3*r - 4*r + f = 0. Suppose 0*b - 263 = -a + 5*b, 5*a = b + r. Is a composite?
True
Suppose -2*y + 4*l + 656 - 56 = 0, 5*l + 5 = 0. Let m = 593 - y. Is m a composite number?
True
Let b(c) = 93*c - 5. Let w(m) = 139*m - 8. Let r(k) = -7*b(k) + 5*w(k). Let v = -8 + 13. Is r(v) prime?
False
Let m be -1 + 2/(-1 - 1). Let z(r) = -r**2 - 3*r - 2. Let f be z(m). Suppose -732 = 4*g - 6*g + 5*x, -g + x + 369 = f. Is g composite?
True
Let k(o) = -573*o**3 + 4*o**2 + 3*o - 3. Is k(-4) a prime number?
True
Let c = -32 - -21. Let j = c + 7. Is j/(-6)*4413/2 prime?
True
Let r be ((-6)/1 - (-3)/1)*-1. Suppose -l + r*l - 3741 = -3*s, -2*s + 5*l + 2513 = 0. Is s a composite number?
False
Suppose a - 1881 = -5*g, -4 = 4*g - 3*g. Is a composite?
False
Let n(g) = g**3 - 9*g**2 - 21*g - 16. Let u be n(11). Let o(d) = -149*d + 6. Is o(u) composite?
False
Let q be (6/3)/((-6)/69). Let t = q - -38. Is t composite?
True
Let m(d) = 243*d**2 + 6*d + 6. Let y(w) = 122*w**2 + 3*w + 3. Let n(t) = -4*m(t) + 9*y(t). Is n(-2) prime?
False
Let s be (-20)/(-2 + -3) - 0. Suppose l - 1786 = -5*f, s*l - 2*f - 6876 - 334 = 0. Is l prime?
True
Let m = 11 + -9. Suppose g - 6 = m*u - g, -5*u + 25 = 5*g. Is (-1)/u + -2 + 82 composite?
False
Let g(m) = 34*m**3 - 2*m**2 + 6*m - 10. Let t be g(4). Let u = t - 1320. Is u a composite number?
True
Suppose -2*n + 4*x - 121 - 579 = 0, 2*n - 3*x + 700 = 0. Let g = n - -637. Is g composite?
True
Suppose -3*s - 3*b = 2*s - 10908, 2179 = s - 2*b. Suppose -10*m + 3649 = -s. Is m prime?
False
Let t be -1 + 2 + -7 + 8. Let q(u) = -8*u**t - 13*u**2 - 3*u + 9 - 2*u + 30*u**2. Is q(-7) a composite number?
True
Suppose -3*d - 15 = b, -b + 0*d + d - 3 = 0. Let o be 2*87/b - -1. Is (o/12)/((-2)/606) a prime number?
False
Suppose 5*o - 2327 = -m + 139, -3*m = -5*o + 2482. Suppose 4*t = -q + 2327, -3*t + o = q - 1252. Is t a prime number?
False
Let p = 16307 - 9876. Is p a composite number?
True
Let z = 9595 + -5606. Is z a prime number?
True
Let n = 64 - 53. Let v(q) = 2*q**2 - 14*q + 1. Is v(n) a prime number?
True
Let x(f) = 2*f**2 - 4*f**3 - 2 + 0 + 3*f - 3 - 5*f. Is x(-3) prime?
True
Let o(l) = -7*l. Let w be o(-3). Let r = w - 18. Suppose 3*t - r*c = 657, -4*t - c + 15 = -881. Is t a composite number?
False
Let x = -2726 - -3945. Is x composite?
True
Suppose 0 = -4*j + 19 + 1. Suppose 5*u - 7*u + 8 = 0. Suppose -6*x = -n - 4*x + 421, 0 = -j*n - u*x + 2049. Is n a prime number?
False
Let w = -4 + 11. Let m be w/6 + 12/(-72). Is -5*m*8/(-20) prime?
True
Let g(b) = b**2 + b + 2. Let q = 12 - 4. Suppose -4*w - 4*s + q = -2*s, 2*w - 5*s - 16 = 0. Is g(w) composite?
True
Let h = 1762 + -2753. Let m = -342 - h. Is m prime?
False
Let w(g) be the first derivative of -1/3*g**3 - 13*g + 6 - 15*g**2. Is w(-14) a prime number?
True
Let i(f) = 0 - 62*f - 11*f + 2. Is i(-5) a prime number?
True
Let l(o) = -o**2 + 6*o + 9. Let x be l(7). Suppose -2*u = -h - 1370, -4*u - 5*h + x*h = -2740. Is u a prime number?
False
Suppose -47836 = 2488*d - 2492*d. Is d a prime number?
True
Let d = 297 - -226. Let s = 914 - d. Is s a prime number?
False
Suppose 20*s = -101995 + 2069655. Is s a composite number?
True
Suppose 5*p = 2*o - 53915, 2*o = 4*p - 2*p + 21566. Let i = -6162 - p. Is i a prime number?
True
Suppose 2*k - 1270 = -392. Let i = 468 + k. Is i composite?
False
Let f = -2994 + 9241. Is f a composite number?
False
Let f be 3 + 3/6*-2. Suppose -3*j = 0, 4*c - 2140 = f*j + 536. Is c a composite number?
True
Suppose 2*j = -0*i + 2*i + 2, 2*i = j + 3. Suppose -2*v = 4*h - 1446, 5*v - 1911 = 4*h + 1648. Suppose -m = i*m - v. Is m prime?
False
Suppose 0 = -z + 4*z. Suppose -4*f - 7 = 5*n, f + 1 = -z*f - n. Suppose 3*b + f*b - 1877 = 2*d, 2*d = b - 369. Is b a composite number?
True
Let n be ((-4)/(-10))/(16/80). Suppose n*v - 280 = -4*j + 3*v, 2*j - 138 = v. Is j composite?
False
Suppose 0*s - 2*s = -1110. Suppose 4*b = 9*b - s. Suppose -3*n + 2*n = -5*k - 156, n = -4*k + b. Is n a composite number?
False
Let o(r) = r**3 - r**2 - 11*r. Let a(i) = -i. Let p(k) = -4*a(k) + o(k). Let d be p(7). Suppose 3*n = -2*c + d, -4*n = -2*c + 254 + 12. Is c prime?
True
Let m(x) = 4*x**2 + 3*x + 6. Suppose 3*c = 4*c - 8. Suppose 20 = 4*o - c. Is m(o) composite?
False
Let g(j) = -j**3 + 4*j**2 + 10*j + 12. Let c be g(6). Suppose -u + 332 + 117 = c. Is u prime?
True
Let f = -3 + 4. Let i(u) = 3*u - 1. Let a be i(f). Suppose 3*s = -a*s + 745. Is s prime?
True
Suppose 2*y - 2 = 5*q + 43, 0 = -3*q - 15. Let u be (32/y)/((-2)/(-5)). Suppose 246 = 11*c - u*c. Is c composite?
True
Suppose 3*s = 4*x + 30913 + 12870, 0 = 2*s - 4*x - 29186. Is s a prime number?
False
Let b(q) = 90*q**3 - q**2 - q + 1. Let g(n) = -3*n**3 - 4*n**3 + 3*n**3 + 5*n**3 + 1 - 6*n**2. Let d be g(6). Is b(d) a prime number?
True
Suppose -2*v + 5*v = -3. Let k be v/2*1*-890. Suppose 4*b = -b + k. Is b composite?
False
Suppose -6 = -4*l + 2. Suppose 0 = -l*z + 10*z. Suppose -2*m + 63 + 339 = z. Is m prime?
False
Suppose -w + 673 = o + w, 3*o - 5*w - 2074 = 0. Is o a prime number?
True
Let q be 16/(-120) + 714/(-45). Is (-1005)/(-4) + 4/q composite?
False
Is (611/(-26))/(1*1/(-134)) prime?
False
Let v = 407 - 78. Suppose -2*n + v = -465. Is n composite?
False
Let l(u) = 12*u**2 - 13. Suppose 5*z + 5*f = -17 - 23, 4*z + 18 = 3*f. Is l(z) composite?
False
Let j = -22476 + 36056. Suppose -5*s + 3*d + 4940 = -8650, j = 5*s - 5*d. Is s composite?
True
Let p be 3/2*(1 - -1). Suppose -17*l + 501 = -859. Suppose 461 - l = p*t. Is t a prime number?
True
Let o = 681 + -214. Is o a prime number?
True
Suppose 0 = -l - 716 + 2557. Is l a prime number?
False
Let p = 1042 - 672. Let d = -815 - p. Let g = -664 - d. Is g a prime number?
True
Let b(r) = 780*r**3 + 2*r**2 - r. Let x be b(1). Suppose -3*l + k + x = 0, 0 = -3*l - 0*k + 3*k + 789. Is l a composite number?
True
Let z(i) be the second derivative of -67*i**3/3 - 5*i**2/2 - 12*i. Is z(-12) prime?
False
Suppose 6*s - 398726 = 4*m, -5*s - 3*m + 54009 = -278269. Is s a composite number?
True
Suppose i - 59095 = -5*l, 4*i + i = -2*l + 23638. Is l a prime number?
False
Suppose 2*o = 5*c + 247 - 1558, 3262 = -5*o - 3*c. Let t = o + 1234. Is t composite?
True
Let i = 20072 + -5829. Is i a prime number?
True
Let d(w) = -w**2 + 10*w - 5. Let r be d(9). Suppose 0*z + r*z - 291 = -t, 4*z - 4*t = 316. Suppose 0 = -3*x + 4*f + 75 + z, 5 = -f. Is x prime?
True
Suppose -4*n + 8*n - 29050 = -u, 21784 = 3*n - u. Is n composite?
True
Let d = 2 + 2. Suppose 2*l = t + 52, 0 = d*l + 4*t - 38 - 42. Let o = l + 27. Is o a composite number?
True
Suppose -2*c - 4 = 16. Let s be 4